rue
Is 420 a factor of 1651497?
False
Is 18 a factor of 419796?
True
Is 174460 a multiple of 2?
True
Is 3406398 a multiple of 87?
True
Does 70 divide 5238240?
True
Is 561218 a multiple of 288?
False
Does 13 divide 583826?
False
Is 16 a factor of 31308?
False
Is 143251 a multiple of 24?
False
Is 315 a factor of 61425?
True
Is 250095 even?
False
Is 199 a factor of 709833?
True
Is 70 a factor of 487435?
False
Is 66920 a multiple of 20?
True
Does 21 divide 6510?
True
Is 14399770 a multiple of 19?
False
Is 746493 a multiple of 11?
True
Is 1528 a factor of 8980175?
False
Is 12 a factor of 812143?
False
Is 26980 a multiple of 76?
True
Does 44 divide 735460?
True
Is 50 a factor of 346794?
False
Does 19 divide 18729?
False
Does 30 divide 4466730?
True
Does 78 divide 564719?
False
Is 170 a factor of 182070?
True
Is 395073 a multiple of 7?
True
Is 571990 a multiple of 38?
False
Does 3 divide 3652667?
False
Does 185 divide 1754866?
False
Does 2 divide 460817?
False
Is 4 a factor of 463448?
True
Is 42630 a multiple of 3?
True
Is 118768 a multiple of 7?
False
Does 172 divide 555044?
True
Is 149715 a multiple of 135?
True
Does 4 divide 3946980?
True
Is 3363906 a multiple of 91?
True
Does 10 divide 5960600?
True
Is 116911 a multiple of 82?
False
Is 12895092 a multiple of 139?
False
Does 14 divide 275147?
False
Is 82 a factor of 19106?
True
Does 18 divide 237015?
False
Is 28380 a multiple of 430?
True
Does 399 divide 1073529?
False
Does 69 divide 616232?
False
Is 274809 a multiple of 215?
False
Does 20 divide 3840852?
False
Is 62076 a multiple of 42?
True
Is 2331129 a multiple of 17?
False
Is 40 a factor of 6816568?
False
Is 15800862 a multiple of 124?
False
Is 58156 a multiple of 480?
False
Does 4 divide 171890?
False
Does 390 divide 1380517?
False
Is 3797401 a multiple of 35?
False
Is 19 a factor of 45737?
False
Does 5 divide 54242?
False
Is 10 a factor of 950525?
False
Does 323 divide 150758?
False
Does 29 divide 716213?
True
Is 48 a factor of 12187?
False
Is 13 a factor of 98387?
False
Is 128 a factor of 1928293?
False
Is 770287 a multiple of 119?
True
Is 1591594 a multiple of 264?
False
Does 11 divide 7508083?
True
Is 214121 a multiple of 13?
False
Is 13 a factor of 205660?
True
Is 1033943 a multiple of 458?
False
Is 43 a factor of 88279?
True
Is 225297 a multiple of 9?
True
Does 152 divide 76184?
False
Is 173 a factor of 1054089?
True
Is 349 a factor of 458022?
False
Does 5 divide 766808?
False
Does 17 divide 426696?
False
Is 190 a factor of 514420?
False
Is 48780 a multiple of 5?
True
Is 43384 a multiple of 116?
True
Does 160 divide 2512980?
False
Is 6461422 a multiple of 122?
False
Does 61 divide 1748082?
False
Does 6 divide 8192928?
True
Is 701463 a multiple of 51?
False
Is 191221 a multiple of 905?
False
Is 10 a factor of 2904?
False
Is 35 a factor of 6449195?
False
Is 37 a factor of 266722?
False
Is 1176878 a multiple of 21?
False
Does 15 divide 266175?
True
Is 1197004 a multiple of 58?
True
Is 13 a factor of 11524111?
False
Is 64 a factor of 88181?
False
Is 3177740 a multiple of 59?
True
Is 2627173 a multiple of 122?
False
Is 737392 a multiple of 136?
True
Is 53280 a multiple of 12?
True
Is 23 a factor of 2737?
True
Is 298 a factor of 187463?
False
Does 373 divide 104633?
False
Does 52 divide 1817452?
True
Does 99 divide 301899?
False
Does 48 divide 27884?
False
Does 19 divide 224003?
False
Is 180 a factor of 1100413?
False
Does 10 divide 3723154?
False
Does 44 divide 647537?
False
Does 62 divide 1069128?
True
Is 9231990 a multiple of 15?
True
Does 183 divide 1757673?
False
Does 12 divide 33684?
True
Does 9 divide 60255?
True
Is 82 a factor of 73882?
True
Is 9 a factor of 167670?
True
Is 272582 a multiple of 89?
False
Does 13 divide 236320?
False
Is 862150 a multiple of 401?
True
Is 290 a factor of 663810?
True
Is 4 a factor of 130136?
True
Is 10 a factor of 100479?
False
Is 10 a factor of 24906?
False
Does 251 divide 54265?
False
Is 17 a factor of 4773192?
True
Is 380 a factor of 359385?
False
Is 360 a factor of 4144531?
False
Is 27 a factor of 535113?
True
Is 872 a factor of 81096?
True
Is 37 a factor of 723498?
True
Is 324984 a multiple of 23?
False
Does 4 divide 641268?
True
Is 4 a factor of 182580?
True
Is 67 a factor of 680505?
False
Is 54 a factor of 37285?
False
Is 1733004 a multiple of 12?
True
Does 468 divide 188136?
True
Is 1087765 a multiple of 93?
False
Is 3085068 a multiple of 228?
True
Is 914073 a multiple of 37?
False
Does 21 divide 9912?
True
Is 1116 a factor of 1019307?
False
Is 9120879 a multiple of 114?
False
Is 6935740 a multiple of 749?
True
Is 1875160 a multiple of 28?
True
Does 14 divide 229264?
True
Is 115 a factor of 220570?
True
Does 21 divide 1006000?
False
Does 31 divide 257641?
True
Does 66 divide 10818465?
False
Is 31 a factor of 7891422?
True
Is 947533 a multiple of 295?
False
Is 1190327 a multiple of 14?
False
Is 7258003 a multiple of 229?
False
Is 42 a factor of 263886?
True
Is 153104 a multiple of 14?
True
Is 98324 a multiple of 231?
False
Is 1699405 a multiple of 5?
True
Is 95 a factor of 116660?
True
Does 25 divide 6274?
False
Is 75 a factor of 24825?
True
Is 11 a factor of 282018?
True
Does 173 divide 219018?
True
Is 933232 a multiple of 45?
False
Is 2281396 a multiple of 949?
True
Is 3277030 a multiple of 215?
True
Is 548493 a multiple of 121?
True
Is 144011 a multiple of 12?
False
Is 479 a factor of 1111995?
False
Is 1216345 a multiple of 50?
False
Does 230 divide 163709?
False
Is 319625 a multiple of 31?
False
Is 9580400 a multiple of 400?
True
Is 1237545 a multiple of 103?
True
Does 816 divide 132539?
False
Does 411 divide 111792?
True
Does 25 divide 27300?
True
Is 5512484 a multiple of 179?
True
Does 22 divide 90444?
False
Is 134843 a multiple of 34?
False
Does 3 divide 945246?
True
Is 55083 a multiple of 301?
True
Does 12 divide 425706?
False
Is 11961350 a multiple of 41?
False
Is 28 a factor of 1412002?
False
Is 87 a factor of 3522282?
True
Is 6540397 a multiple of 90?
False
Does 246 divide 818442?
True
Is 157 a factor of 198134?
True
Is 8 a factor of 223344?
True
Is 4333325 a multiple of 29?
True
Is 2566425 a multiple of 27?
False
Is 17 a factor of 403979?
False
Does 20 divide 447767?
False
Is 21 a factor of 86934?
False
Is 624172 a multiple of 6?
False
Is 34 a factor of 81679?
False
Is 665231 a multiple of 203?
True
Is 41752 a multiple of 85?
False
Is 2 a factor of 617332?
True
Is 3 a factor of 39427?
False
Is 5 a factor of 36679?
False
Is 7025086 a multiple of 11?
False
Does 64 divide 1513242?
False
Is 785494 a multiple of 841?
True
Is 148381 a multiple of 36?
False
Does 190 divide 220213?
False
Is 337121 a multiple of 165?
False
Is 1243466 a multiple of 828?
False
Does 293 divide 244655?
True
Does 53 divide 374975?
True
Is 187611 a multiple of 557?
False
Is 154938 a multiple of 434?
True
Is 5717265 a multiple of 563?
True
Does 3 divide 6470854?
False
Is 22160 a multiple of 7?
False
Does 38 divide 106330?
False
Does 14 divide 1402695?
False
Does 34 divide 7140?
True
Is 90299 a multiple of 15?
False
Is 156 a factor of 91728?
True
Is 30 a factor of 1857026?
False
Is 2875 a multiple of 17?
False
Is 53 a factor of 121423?
True
Is 11 a factor of 291572?
False
Does 373 divide 324761?
False
Is 33 a factor of 66184?
False
Is 7 a factor of 1405537?
True
Is 33228465 a multiple of 1426?
False
Is 300024 a multiple of 463?
True
Does 32 divide 8475933?
False
Is 120 a factor of 33360?
True
Does 21 divide 3521553?
True
Is 23 a factor of 10489472?
True
Is 4 a factor of 338008?
True
Is 9964 a multiple of 5?
False
Is 15588 a multiple of 36?
True
Is 137 a factor of 826658?
True
Is 5143 a multiple of 30?
False
Does 32 divide 5610112?
True
Does 10 divide 291511?
False
Is 65 a factor of 2220019?
False
Is 264420 a multiple of 260?
True
Is 331458 a multiple of 29?
False
Does 85 divide 1424510?
False
Does 28 divide 84286?
False
Does 9 divide 4908593?
False
Is 23 a factor of 223399?
True
Is 45 a factor of 97560?
True
Is 336924 a multiple of 588?
True
Does 362 divide 1910073?
False
Is 9143848 a multiple of 20?
False
Is 3 a factor of 1412838?
True
Does 158 divide 1276482?
True
Is 7839360 a multiple of 576?
True
Is 95 a factor of 4073030?
True
Is 185 a factor of 4117621?
False
Is 5758648 a multiple of 92?
True
Is 521570 a mul